{"id":13,"date":"2023-08-31T09:26:57","date_gmt":"2023-08-31T07:26:57","guid":{"rendered":"https:\/\/osteopathe-divonne.com\/?page_id=13"},"modified":"2023-09-20T01:09:05","modified_gmt":"2023-09-19T23:09:05","slug":"definition","status":"publish","type":"page","link":"https:\/\/osteopathe-divonne.com\/index.php\/definition\/","title":{"rendered":"D\u00e9finition"},"content":{"rendered":"\n<h2>D\u00e9finition<\/h2>\n<img decoding=\"async\" src=\"\/images\/03-osteopathie-definition.jpg\" style=\"float:right\">       \n L&#8217;<strong>Ost\u00e9opathie<\/strong> est une approche manuelle de diagnostic et de th\u00e9rapie dont le but est de restaurer l&#8217;harmonie et le bon fonctionnement du corps dans son ensemble.\n        Tout impact (stress, mauvaise posture, accident, maladie, intervention chirurgicale, accouchement, facteurs \u00e9motionnels&#8230;) qui affecte le corps dans l&#8217;un de ces syst\u00e8mes (musculo-squelettique, digestif, neurologique, vasculaire, hormonal&#8230;) peut \u00e9galement perturber les autres syst\u00e8mes et l&#8217;\u00e9quilibre global du corps. En allant au-del\u00e0 du sympt\u00f4me, nous nous int\u00e9ressons \u00e0 l<strong>&#8216;histoire du corps<\/strong>, \u00e0 ses traumatismes les plus anciens qui seront parfois pass\u00e9s inaper\u00e7us.\n        <br \/><br \/>\n        <strong> \tL\u2019ost\u00e9opathie est une science<\/strong>, s&#8217;appuyant sur des connaissances anatomiques, biom\u00e9caniques, physiologiques, neurologiques, pathologiques.\n        <br \/><br \/>\n        <strong>L&#8217;ost\u00e9opathie est un art&nbsp;<\/strong>: \u00ab&nbsp;ressentir&nbsp;\u00bb avec ses mains, les pertes de mobilit\u00e9 des tissus et les dysfonctions du corps, qui entra\u00eenent des <strong>troubles fonctionnels<\/strong> pouvant perturber l&#8217;\u00e9tat de <strong>sant\u00e9.<\/strong>\n        <br \/><br \/>\n        L&#8217;ost\u00e9opathie joue \u00e9galement un r\u00f4le essentiel de pr\u00e9vention de nombreuses affections, et <strong>pr\u00e9vention<\/strong> afin de diminuer l&#8217;invalidit\u00e9, et de <strong>retarder le vieillissement.<\/strong>\n","protected":false},"excerpt":{"rendered":"<p>D\u00e9finition L&#8217;Ost\u00e9opathie est une approche manuelle de diagnostic et de th\u00e9rapie dont le but est de restaurer l&#8217;harmonie et le bon fonctionnement du corps dans son ensemble. Tout impact (stress, mauvaise posture, accident, maladie, intervention chirurgicale, accouchement, facteurs \u00e9motionnels&#8230;) qui affecte le corps dans l&#8217;un de ces syst\u00e8mes (musculo-squelettique, digestif, neurologique, vasculaire, hormonal&#8230;) peut \u00e9galement &hellip;<\/p>\n<p class=\"read-more\"> <a class=\"\" href=\"https:\/\/osteopathe-divonne.com\/index.php\/definition\/\"> <span class=\"screen-reader-text\">D\u00e9finition<\/span> Read More &raquo;<\/a><\/p>\n","protected":false},"author":1,"featured_media":0,"parent":0,"menu_order":0,"comment_status":"closed","ping_status":"closed","template":"","meta":{"site-sidebar-layout":"default","site-content-layout":"","ast-site-content-layout":"","site-content-style":"default","site-sidebar-style":"default","ast-global-header-display":"","ast-banner-title-visibility":"","ast-main-header-display":"","ast-hfb-above-header-display":"","ast-hfb-below-header-display":"","ast-hfb-mobile-header-display":"","site-post-title":"","ast-breadcrumbs-content":"","ast-featured-img":"","footer-sml-layout":"","theme-transparent-header-meta":"","adv-header-id-meta":"","stick-header-meta":"","header-above-stick-meta":"","header-main-stick-meta":"","header-below-stick-meta":"","astra-migrate-meta-layouts":"","footnotes":""},"class_list":["post-13","page","type-page","status-publish","hentry"],"_links":{"self":[{"href":"https:\/\/osteopathe-divonne.com\/index.php\/wp-json\/wp\/v2\/pages\/13","targetHints":{"allow":["GET"]}}],"collection":[{"href":"https:\/\/osteopathe-divonne.com\/index.php\/wp-json\/wp\/v2\/pages"}],"about":[{"href":"https:\/\/osteopathe-divonne.com\/index.php\/wp-json\/wp\/v2\/types\/page"}],"author":[{"embeddable":true,"href":"https:\/\/osteopathe-divonne.com\/index.php\/wp-json\/wp\/v2\/users\/1"}],"replies":[{"embeddable":true,"href":"https:\/\/osteopathe-divonne.com\/index.php\/wp-json\/wp\/v2\/comments?post=13"}],"version-history":[{"count":14,"href":"https:\/\/osteopathe-divonne.com\/index.php\/wp-json\/wp\/v2\/pages\/13\/revisions"}],"predecessor-version":[{"id":266,"href":"https:\/\/osteopathe-divonne.com\/index.php\/wp-json\/wp\/v2\/pages\/13\/revisions\/266"}],"wp:attachment":[{"href":"https:\/\/osteopathe-divonne.com\/index.php\/wp-json\/wp\/v2\/media?parent=13"}],"curies":[{"name":"wp","href":"https:\/\/api.w.org\/{rel}","templated":true}]}}